Convert -476 (base 14) to base 10.
-888
What is b036 (base 12) in base 9?
28116
What is 1065 (base 9) in base 6?
3352
Convert 6755 (base 8) to base 11.
2751
-d5a (base 14) to base 13
-1272
What is -110010 (base 2) in base 12?
-42
What is 35301 (base 9) in base 12?
11784
Convert -124204 (base 5) to base 15.
-16d9
Convert -1711 (base 13) to base 10.
-3394
What is 23413 (base 5) in base 15?
7a8
9a (base 15) to base 9
171
What is 16 (base 11) in base 8?
21
What is 9816 (base 11) in base 9?
18704
Convert -1022210 (base 3) to base 5.
-12331
-23115 (base 6) to base 8
-6327
9a57 (base 13) to base 8
52037
What is -1059 (base 13) in base 2?
-100011011111
327 (base 15) to base 8
1310
Convert 883 (base 13) to base 12.
a17
Convert -96 (base 16) to base 6.
-410
Convert 74450 (base 8) to base 3.
1120112202
Convert -561 (base 8) to base 13.
-225
What is -102111312 (base 4) in base 6?
-1335450
What is 887 (base 16) in base 15?
9a8
Convert -d458 (base 14) to base 15.
-ac59
What is 32113021 (base 4) in base 10?
58825
-10111001100110 (base 2) to base 12
-6a5a
What is 65646 (base 10) in base 2?
10000000001101110
What is 210204 (base 5) in base 2?
1101100010001
Convert -831 (base 9) to base 8.
-1244
What is 7a3 (base 11) in base 6?
4240
Convert 100111011001 (base 2) to base 5.
40041
Convert -11000110110 (base 2) to base 6.
-11210
Convert 830 (base 14) to base 12.
b22
1339 (base 11) to base 15
7ab
What is 334 (base 9) in base 4?
10102
Convert 200002 (base 3) to base 6.
2132
What is -10000100111000111 (base 2) in base 8?
-204707
Convert -1021 (base 14) to base 9.
-3721
-5065 (base 8) to base 12
-1619
What is 2453 (base 8) in base 5?
20243
What is -11345 (base 9) in base 16?
-1d96
What is -105452 (base 7) in base 13?
-86c9
What is 323110 (base 4) in base 11?
2941
-44 (base 11) to base 12
-40
Convert 817 (base 16) to base 5.
31241
What is 3077 (base 12) in base 2?
1010010011011
What is -174b (base 14) in base 3?
-12201221
What is -4413 (base 8) in base 10?
-2315
What is 14cb (base 16) in base 6?
40351
Convert -21b (base 14) to base 16.
-1a1
What is -2022330 (base 4) in base 7?
-34632
Convert -2202 (base 4) to base 8.
-242
211 (base 5) to base 10
56
What is 304321 (base 6) in base 12?
120a1
What is 12134 (base 11) in base 13?
7c42
What is 8038 (base 16) in base 6?
411544
-10010000101 (base 2) to base 5
-14112
Convert 122042 (base 5) to base 15.
159c
Convert -43 (base 14) to base 3.
-2012
What is 153214 (base 7) in base 11?
20558
110100110 (base 2) to base 8
646
What is -10100011010 (base 2) in base 11?
-a88
Convert -aa9 (base 11) to base 7.
-3606
-171b (base 14) to base 12
-2491
Convert -3111 (base 6) to base 9.
-847
1077 (base 13) to base 10
2295
What is 2216 (base 7) in base 5?
11142
21c3 (base 14) to base 11
4443
What is -16 (base 7) in base 10?
-13
What is 1b1a (base 13) in base 7?
14615
Convert 2152 (base 7) to base 5.
11042
What is -7c74 (base 16) in base 5?
-2004420
Convert 22220002 (base 3) to base 9.
8802
Convert -78164 (base 9) to base 5.
-3130043
What is 225c (base 16) in base 4?
2021130
3e72 (base 16) to base 14
5b7c
What is 113341 (base 6) in base 16?
267d
1231244 (base 5) to base 16
5d8d
Convert 261a7 (base 11) to base 5.
2200011
Convert 2e0 (base 15) to base 5.
10120
3379 (base 12) to base 9
7743
Convert -1ce2 (base 16) to base 2.
-1110011100010
-2095 (base 15) to base 12
-3ba2
-123f (base 16) to base 15
-15b6
What is -430 (base 6) in base 13?
-c6
-332331 (base 5) to base 3
-120220022
Convert 2101 (base 5) to base 12.
1b0
What is -652b (base 16) in base 6?
-315523
What is 5255 (base 9) in base 3?
12021212
What is 12334 (base 6) in base 10?
1858
What is 110001010100 (base 2) in base 9?
4286
-461 (base 8) to base 13
-1a6
What is -47416 (base 10) in base 8?
-134470
What is -12300 (base 7) in base 4?
-302202
Convert -3a5 (base 11) to base 4.
-13132
-111 (base 11) to base 14
-97
What is -72ff (base 16) in base 12?
-15053
Convert 35 (base 14) to base 4.
233
What is 100141 (base 5) in base 11?
2423
-254305 (base 6) to base 13
-a61c
4d58 (base 14) to base 7
54441
3884 (base 15) to base 12
6b81
-1163a (base 12) to base 7
-125101
Convert -663 (base 12) to base 2.
-1110101011
What is 120212 (base 3) in base 4?
12230
What is 232 (base 5) in base 14?
4b
What is -201011110 (base 3) in base 8?
-33223
24050 (base 7) to base 14
2397
What is 22365 (base 7) in base 16?
1632
What is -b2 (base 16) in base 8?
-262
2758 (base 16) to base 13
477a
Convert -16447 (base 8) to base 13.
-3521
What is 101001001111 (base 2) in base 12?
163b
What is 3b (base 14) in base 9?
58
Convert -10043 (base 6) to base 12.
-923
What is -10100001001 (base 2) in base 6?
-5545
Convert -28534 (base 9) to base 15.
-5b2a
1111101111 (base 2) to base 12
6bb
343420 (base 5) to base 10
12360
621a (base 12) to base 3
112122111
What is -110101000100 (base 2) in base 16?
-d44
Convert -14897 (base 11) to base 13.
-9765
What is 202 (base 12) in base 8?
442
What is 3000 (base 7) in base 13?
612
What is 16a7 (base 12) in base 4?
222133
Convert 241 (base 7) to base 13.
9a
What is -181 (base 10) in base 8?
-265
What is 564 (base 14) in base 2?
10000101100
Convert -3134 (base 7) to base 9.
-1455
Convert -57f (base 16) to base 9.
-1833
What is 124512 (base 6) in base 16?
2c9c
-eea (base 16) to base 13
-1979
What is d04 (base 16) in base 13?
1694
Convert -2c3 (base 13) to base 3.
-200102
What is -1572 (base 13) in base 12?
-1993
What is -111331 (base 4) in base 10?
-1405
What is 27 (base 10) in base 11?
25
Convert 20728 (base 9) to base 16.
3593
What is -1123 (base 6) in base 12?
-1a3
Convert 10112202 (base 4) to base 16.
45a2
-10210 (base 4) to base 16
-124
Convert 2138 (base 10) to base 4.
201122
Convert 22a3 (base 13) to base 9.
6605
-658 (base 13) to base 8
-2077
Convert 268 (base 9) to base 13.
143
Convert 2699 (base 15) to base 9.
12270
Convert -71981 (base 10) to base 5.
-4300411
Convert -d43 (base 16) to base 15.
-1015
Convert -3560 (base 14) to base 8.
-22120
Convert -100231 (base 5) to base 9.
-4335
What is 3554 (base 7) in base 12?
915
Convert -1100120 (base 3) to base 12.
-6a3
9469 (base 13) to base 2
101000000111000
Convert 3245 (base 6) to base 16.
2ed
What is -1043003 (base 5) in base 14?
-6a59
What is 1a33 (base 12) in base 8?
6207
Convert -3417 (base 9) to base 2.
-100111011111
Convert -360 (base 15) to base 13.
-46b
-101110010 (base 2) to base 15
-19a
-28184 (base 11) to base 7
-225015
-2032 (base 4) to base 16
-8e
Convert -222 (base 7) to base 16.
-72
Convert 5563 (base 8) to base 3.
11000120
-1202010 (base 3) to base 10
-1272
What is -424213 (base 6) in base 15?
-a3e6
-61365 (base 8) to base 6
-313141
-11201021 (base 3) to base 4
-311230
What is -575 (base 12) in base 10?
-809
Convert -1033312 (base 4) to base 2.
-1001111110110
Convert -54445 (base 6) to base 11.
-5714
-1112 (base 9) to base 16
-335
What is -1010100101110000 (base 2) in base 12?
-21128
What is -100210 (base 4) in base 5?
-13220
Convert -2247 (base 10) to base 15.
-9ec
Convert -34787 (base 11) to base 6.
-1024205
What is 132 (base 10) in base 9?
156
What is -a41 (base 14) in base 4?
-133201
Convert 1cb (base 15) to base 12.
2a8
222211122 (base 3) to base 12
b3a5
What is 7c (base 14) in base 16?
6e
What is -d26e (base 15) in base 2?
-1010110110001101
What is -12687 (base 9) in base 15?
-2824
What is -469 (base 13) in base 5?
-11023
Convert 4b99 (base 15) to base 13.
744c
Convert 22022 (base 3) to base 14.
120
Convert 2108 (base 9) to base 16.
60b
What is 4415 (base 6) in base 5?
13034
What is 2dc (base 15) in base 10?
657
What is -aa (base 16) in base 12?
-122
What is 194c (base 15) in base 12?
3200
What is -4838 (base 10) in base 13?
-2282
241414 (base 5) to base 9
13282
Convert 1525 (base 7) to base 15.
2a7
Convert -3df (base 16) to base 5.
-12431
Convert -357 (base 11) to base 4.
-12221
-635 (base 13) to base 10
-1058
What is 22011200 (base 3) in base 14?
2258
-2415 (base 14) to base 4
-1202103
3535 (base 6) to base 2
1101010011
37b0 (base 12) to base 2
1100010110100
-22b (base 16) to base 14
-2b9
What is -314c (base 14) in base 10?
-8496
-5638 (base 15) to base 10
-18278
3242 (base 5) to base 11
377
What is -3336 (base 8) in base 12?
-1026
3522 (base 16) to base 15
406c
Convert -664 (base 11) to base 2.
-1100011100
Convert 100